32?
132
Suppose -444 = 2*y - 13*a + 11*a, 0 = -2*y + a - 440. Let x = y - -238. Calculate the highest common factor of x and 5.
5
Let q(x) = -2*x**2 - 2*x + 4. Let a be q(2). Let k = 48 + a. Let i(z) = -z**3 + 6*z**2 + 3*z - 8. Let j be i(6). What is the greatest common divisor of k and j?
10
Suppose -2376*a = 2*m - 2380*a - 25192, -4*a - 62944 = -5*m. What is the greatest common divisor of m and 104?
104
Let x(j) = -j**3 + 4*j**2 + 140*j + 9. Let z be x(14). Let v be ((-2)/(-4))/(5/50). Suppose v*g + 5 = 35. Calculate the highest common factor of g and z.
3
Let w = 4 - 4. Suppose a - 1 - 48 = w. Let k(o) = -2*o**2 - 76*o + 133. Let d be k(-35). Calculate the greatest common factor of d and a.
49
Let q(k) = -2*k - 14. Let c be q(-13). Suppose 6*m + 450 = c*m. What is the highest common divisor of m and 120?
15
Suppose 0 = l - 61. Suppose -l = -d + x, 153 = d + 2*d + 3*x. Calculate the highest common divisor of 154 and d.
14
Suppose -34*c - 50*c + 10*c + 225922 = 0. What is the greatest common factor of c and 344?
43
Let z(m) be the first derivative of 4*m**2 + 1/3*m**3 - 4*m + 14. Let h be z(10). What is the highest common factor of 16 and h?
16
Let z = -53 - -106. Suppose -z + 38 = -3*r. Suppose r*h - 24 = h. What is the highest common divisor of 54 and h?
6
Suppose 130*u + 4*q - 13852 = 126*u, -u + 3*q + 3435 = 0. What is the highest common factor of 16 and u?
16
Suppose 23*f - 1220 = 11*f - 92. What is the highest common factor of f and 1833?
47
Let r = -872 - -938. Let m(t) = 2*t**2 - 4*t + 3. Let s be m(-6). Calculate the greatest common divisor of s and r.
33
Let k = 34 - 4. Let f = -244 - -274. Calculate the highest common factor of k and f.
30
Suppose 11921 = -54*a + 185*a. What is the greatest common factor of 390 and a?
13
Suppose 4*r - 22*g - 3081 = -37*g, g = 5*r - 3871. Calculate the greatest common factor of 72 and r.
18
Suppose -13*w = -7*w - 25566. Suppose 0 = 2*t + 3*a - 4483, 0 = 4*t - 2*a - w - 4697. Suppose -z - 9*z + t = 0. What is the highest common divisor of 32 and z?
32
Suppose 38 = -p + 149. Suppose 4*b - 5 = p. Let t = 102064 + -102035. Calculate the highest common factor of t and b.
29
Let l(k) = 2*k. Let x(t) = -3*t - 64. Let a(s) = -6*l(s) - x(s). Let p be a(7). What is the greatest common factor of 47 and p?
1
Let t be -2*(-1*166 + -2). Suppose 155*v + 2*j - 66 = 151*v, -v + 57 = -4*j. Calculate the highest common factor of v and t.
21
Let f(x) = 15*x - 141. Let j be f(5). Let v = 114 + j. What is the highest common divisor of 30 and v?
6
Let q be 1*(0 - 1) + (-76 - -141). What is the greatest common factor of 188 and q?
4
Suppose -373 = -5*u - 363. Suppose u*h - 16 = 2*i, -5*h - 2*i - 42 = -9*h. Calculate the highest common divisor of 481 and h.
13
Let w be (2 - 225/(-20))*184. What is the greatest common divisor of w and 1150?
46
Let z be (0 - (-1 - -23)) + 3. Let h be -1 - z - (-3 + 2). Suppose -17*d - 186 + 1478 = 0. What is the greatest common divisor of d and h?
19
Let i(j) = -j**3 - 104*j**2 - 211*j - 641. Let l be i(-102). Calculate the greatest common divisor of 3 and l.
1
Let q be 62/(-16) - (-55)/(-440) - (-2 + -4629). What is the greatest common divisor of 7 and q?
7
Suppose -1563 = -3*y - 2*f + 35261, -12273 = -y - f. Calculate the greatest common factor of 28 and y.
14
Let z be 5/((-200)/(-10610)) - 3/(-4). Let a = z - 258. What is the greatest common factor of a and 12?
4
Suppose 16 = 4*d, 4*d - 30 = -b + 130. Let l(i) = -i**3 - 117*i**2 + 732*i + 52. Let v be l(6). What is the highest common divisor of b and v?
16
Let w = -2 - -35. Let j = -2018 + 2150. Calculate the highest common factor of j and w.
33
Suppose -11*a + 19 = 11*a - 25. What is the highest common factor of 634 and a?
2
Let i be 4*(-6 + (1 - 90/(-12))). What is the greatest common divisor of 74 and i?
2
Suppose 2*o = -4*y + 28, -2*y + 0*o + 18 = -o. Let d be (2/(-8))/(((-63)/564)/21). Suppose 124 = d*k - 158. Calculate the greatest common divisor of y and k.
2
Let w be -6*-35*(-138)/(-115). Calculate the highest common factor of w and 9954.
126
Let y(d) = -2*d**2 - 5*d - 4. Let k be y(-1). Let x be ((-245)/(-21))/(k/(-12)). Let v = -41 + 97. What is the highest common factor of x and v?
28
Let t(o) = 17*o**2 + 10*o + 12*o**2 - 19*o**2 + 5 + 5. Let a be t(-2). Calculate the highest common divisor of a and 150.
30
Let l be (22/(-4))/((-63)/(-14) + -5). Suppose -2*x + l - 157 = -5*g, -2*g = -5*x - 71. Calculate the highest common factor of g and 91.
7
Let x(n) = -n - 6. Let d be x(-11). Suppose 93 = 4*t - v - 266, 0 = -3*t + d*v + 265. What is the greatest common divisor of t and 45?
45
Let x(n) = -35*n + 12. Let f be x(-4). Suppose 45 + 183 = 6*u. Calculate the greatest common factor of f and u.
38
Suppose -2*b + 2*q + 10 = -4*b, 4*b - 4*q + 4 = 0. Let h(r) = -7*r - 12. Let t be h(b). What is the highest common factor of t and 36?
9
Let n be (-78)/(-130)*(-15)/(-1). Let y(u) = 26*u - 179. Let b be y(n). Calculate the highest common factor of 935 and b.
55
Let w be 794 + (-15 + -3)/(-1). What is the highest common divisor of 700 and w?
28
Let t be ((-12)/(-16))/(14/(-8)) - (-539400)/2436. Suppose -15 - 36 = -3*l. Calculate the greatest common factor of l and t.
17
Suppose -75*h = -78*h - 4*g + 32, 0 = g + 4. What is the greatest common divisor of 11 and h?
1
Let q = -9 - -20. Suppose 0 = -4*d - 2*w + 384, -2*d + w = -255 + 51. What is the highest common factor of d and q?
11
Suppose 105*s = 102*s + 4063 + 833. Calculate the greatest common divisor of 128 and s.
32
Suppose -3*a - 80817 = -4*d, -4*d + 5*a + 88478 = 7655. Let r be (d/(-130) + 3/(-5))/(-1). Calculate the highest common divisor of 195 and r.
39
Let o be 2/8 - 2/8. Suppose 802*s - 787*s - 270 = o. What is the greatest common factor of s and 2?
2
Suppose -31 = 3*c + 149. Let t = c - -56. Let r be 8/(t + 6) + 35. Calculate the greatest common divisor of 26 and r.
13
Let l(t) = t**2 - 11*t + 40. Let y be l(12). Suppose 4 = y*m - 56*m. Let v be (121/(-33))/(m/12). Calculate the greatest common factor of 4 and v.
4
Let q = -1644 + 1160. Let n = q + 499. Calculate the highest common divisor of 105 and n.
15
Suppose -336*g + 322*g = -3808. Let r = g - 242. Calculate the greatest common factor of 480 and r.
30
Let r = -5709 - -5786. What is the highest common factor of r and 1925?
77
Let k = 2 + 1. Suppose 2*l = -1 + k. Let i(g) = -g**3 + 2*g**2 - 9*g + 37. Let w be i(3). What is the highest common divisor of l and w?
1
Suppose 13970 + 20715 = 37*h + 12189. Calculate the highest common divisor of 266 and h.
38
Suppose 0 = -3*z, 2*y - 36 - 54 = -5*z. What is the highest common divisor of y and 150?
15
Let b(g) = -g**3 - 7*g**2 + g + 36. Let h be b(-7). Let i = h + -28. Suppose -15*a = -16*a + i. Calculate the highest common factor of 16 and a.
1
Let r be 40129*(-4)/(-5) + 24*(-40)/4800. What is the highest common factor of 82 and r?
41
Let w = -2122 + 2202. Suppose 31 = 3*j - 65. What is the greatest common factor of j and w?
16
Let r(m) = 1141*m + 8139. Let g be r(-7). Calculate the greatest common factor of g and 3971.
19
Let b(a) = -179*a**3 + 4*a**2 + 25*a + 22. Let p be b(-1). Calculate the greatest common divisor of p and 1155.
15
Let r = 89 + -57. Suppose 0 = 2*b + 138*m - 139*m, -4*b - 4*m + 24 = 0. What is the greatest common divisor of r and b?
2
Let y = -307 + 319. Let h = -17 - -49. Let o = y + h. Calculate the highest common factor of 11 and o.
11
Let a = 29525 - 29443. Calculate the highest common divisor of 451 and a.
41
Let q be (-26541)/(-2) - (35/2 + -18). What is the greatest common factor of q and 23?
23
Suppose 6*v - 339 = 81. Suppose -v*z + 1209 = -67*z. Calculate the highest common divisor of z and 31.
31
Suppose -3*q - 2*r + 126 = 0, 117 = 3*q - 6*r + 5*r. Suppose 23*h - 132 = -q. Calculate the greatest common factor of h and 7.
1
Suppose -2*t - 4*u = -162 + 90, 4*u + 8 = 0. Let n(x) = x**2 + 31. Let l be n(0). Suppose -3*h + 127 = l. What is the highest common factor of t and h?
8
Let l(u) = -u**3 + 5*u**2 + 7*u + 3. Let d be l(6). Let k = 8 - d. Let f be (k - (-20)/14) + 36/14. What is the highest common factor of 6 and f?
3
Suppose 8 = -2*a + 2*q, -254*a + 253*a = -3*q + 16. Calculate the highest common factor of 2978 and a.
2
Let q(m) = -266*m + 68. Le